2783.
3, 8087
List the prime factors of 764.
2, 191
List the prime factors of 221.
13, 17
What are the prime factors of 6729?
3, 2243
List the prime factors of 122737.
139, 883
What are the prime factors of 35270?
2, 5, 3527
What are the prime factors of 4927?
13, 379
List the prime factors of 78633.
3, 8737
List the prime factors of 6593.
19, 347
List the prime factors of 6421.
6421
What are the prime factors of 58?
2, 29
List the prime factors of 805.
5, 7, 23
What are the prime factors of 923?
13, 71
What are the prime factors of 10228?
2, 2557
What are the prime factors of 16686?
2, 3, 103
List the prime factors of 95.
5, 19
What are the prime factors of 423?
3, 47
What are the prime factors of 28790?
2, 5, 2879
What are the prime factors of 84?
2, 3, 7
What are the prime factors of 4293?
3, 53
What are the prime factors of 6996?
2, 3, 11, 53
What are the prime factors of 4664?
2, 11, 53
List the prime factors of 1768.
2, 13, 17
List the prime factors of 12591.
3, 1399
What are the prime factors of 29597?
17, 1741
List the prime factors of 6009.
3, 2003
What are the prime factors of 885?
3, 5, 59
What are the prime factors of 62867?
7, 1283
List the prime factors of 802.
2, 401
List the prime factors of 1018.
2, 509
List the prime factors of 6800.
2, 5, 17
What are the prime factors of 53211?
3, 17737
List the prime factors of 1194.
2, 3, 199
What are the prime factors of 41177?
41177
What are the prime factors of 595?
5, 7, 17
What are the prime factors of 1048?
2, 131
What are the prime factors of 12917?
12917
List the prime factors of 17370.
2, 3, 5, 193
List the prime factors of 44314.
2, 22157
What are the prime factors of 2221?
2221
What are the prime factors of 1284?
2, 3, 107
List the prime factors of 9697.
9697
What are the prime factors of 1143?
3, 127
List the prime factors of 49320.
2, 3, 5, 137
What are the prime factors of 18317?
13, 1409
List the prime factors of 459.
3, 17
What are the prime factors of 2220?
2, 3, 5, 37
What are the prime factors of 29468?
2, 53, 139
List the prime factors of 18505.
5, 3701
List the prime factors of 28162.
2, 14081
What are the prime factors of 1058?
2, 23
What are the prime factors of 5293?
67, 79
What are the prime factors of 5477?
5477
What are the prime factors of 986?
2, 17, 29
What are the prime factors of 6362?
2, 3181
List the prime factors of 38151.
3, 157
List the prime factors of 1154.
2, 577
What are the prime factors of 42?
2, 3, 7
What are the prime factors of 4033?
37, 109
What are the prime factors of 22053?
3, 7351
List the prime factors of 8616.
2, 3, 359
List the prime factors of 2627.
37, 71
What are the prime factors of 38?
2, 19
What are the prime factors of 17361?
3, 643
List the prime factors of 3150.
2, 3, 5, 7
What are the prime factors of 6299?
6299
What are the prime factors of 52661?
7, 7523
List the prime factors of 4143.
3, 1381
List the prime factors of 2257.
37, 61
What are the prime factors of 8067?
3, 2689
List the prime factors of 82.
2, 41
What are the prime factors of 2565?
3, 5, 19
List the prime factors of 49782.
2, 3, 8297
What are the prime factors of 852?
2, 3, 71
What are the prime factors of 227?
227
What are the prime factors of 23638?
2, 53, 223
List the prime factors of 39344.
2, 2459
What are the prime factors of 55646?
2, 27823
List the prime factors of 11928.
2, 3, 7, 71
List the prime factors of 2223.
3, 13, 19
What are the prime factors of 48166?
2, 24083
List the prime factors of 7535.
5, 11, 137
List the prime factors of 2927.
2927
What are the prime factors of 249?
3, 83
What are the prime factors of 164505?
3, 5, 11, 997
List the prime factors of 42114.
2, 3, 7019
What are the prime factors of 690?
2, 3, 5, 23
List the prime factors of 1285.
5, 257
List the prime factors of 55041.
3, 7, 2621
List the prime factors of 155.
5, 31
List the prime factors of 33745.
5, 17, 397
What are the prime factors of 5922?
2, 3, 7, 47
What are the prime factors of 1494?
2, 3, 83
List the prime factors of 29714.
2, 83, 179
List the prime factors of 1307.
1307
What are the prime factors of 871?
13, 67
What are the prime factors of 5710?
2, 5, 571
List the prime factors of 517.
11, 47
What are the prime factors of 17099?
17099
What are the prime factors of 4529?
7, 647
List the prime factors of 315.
3, 5, 7
List the prime factors of 7746.
2, 3, 1291
List the prime factors of 1068.
2, 3, 89
List the prime factors of 1154.
2, 577
What are the prime factors of 24898?
2, 59, 211
List the prime factors of 25967.
23, 1129
What are the prime factors of 5947?
19, 313
List the prime factors of 140681.
140681
What are the prime factors of 2413?
19, 127
What are the prime factors of 51067?
223, 229
List the prime factors of 2251.
2251
List the prime factors of 9937.
19, 523
What are the prime factors of 412?
2, 103
List the prime factors of 443.
443
List the prime factors of 1600.
2, 5
List the prime factors of 16192.
2, 11, 23
List the prime factors of 3241.
7, 463
What are the prime factors of 20000?
2, 5
What are the prime factors of 7725?
3, 5, 103
What are the prime factors of 5062?
2, 2531
What are the prime factors of 70766?
2, 41, 863
What are the prime factors of 1757?
7, 251
List the prime factors of 5978.
2, 7, 61
List the prime factors of 62735.
5, 12547
List the prime factors of 2354.
2, 11, 107
List the prime factors of 28345.
5, 5669
List the prime factors of 74929.
74929
List the prime factors of 585.
3, 5, 13
What are the prime factors of 720?
2, 3, 5
List the prime factors of 2287.
2287
What are the prime factors of 14651?
7, 13, 23
List the prime factors of 15976.
2, 1997
What are the prime factors of 20154?
2, 3, 3359
What are the prime factors of 46148?
2, 83, 139
What are the prime factors of 843?
3, 281
What are the prime factors of 12812?
2, 3203
What are the prime factors of 26499?
3, 11, 73
What are the prime factors of 5581?
5581
List the prime factors of 68111.
68111
What are the prime factors of 12990?
2, 3, 5, 433
What are the prime factors of 496?
2, 31
What are the prime factors of 5295?
3, 5, 353
What are the prime factors of 64265?
5, 12853
What are the prime factors of 6687?
3, 743
What are the prime factors of 114144?
2, 3, 29, 41
List the prime factors of 12854.
2, 6427
What are the prime factors of 149?
149
List the prime factors of 4706.
2, 13, 181
List the prime factors of 14827.
14827
List the prime factors of 106904.
2, 7, 23, 83
What are the prime factors of 29101?
29101
List the prime factors of 4547.
4547
What are the prime factors of 8418?
2, 3, 23, 61
List the prime factors of 1486.
2, 743
What are the prime factors of 12364?
2, 11, 281
What are the prime factors of 9338?
2, 7, 23, 29
List the prime factors of 17015.
5, 41, 83
List the prime factors of 70220.
2, 5, 3511
List the prime factors of 346.
2, 173
What are the prime factors of 23000?
2, 5, 23
List the prime factors of 3375.
3, 5
What are the prime factors of 3524?
2, 881
What are the prime factors of 11767?
7, 41
List the prime factors of 7594.
2, 3797
What are the prime factors of 636?
2, 3, 53
List the prime factors of 431.
431
List the prime factors of 7482.
2, 3, 29, 43
What are the prime factors of 1624?
2, 7, 29
List the prime factors of 5783.
5783
List the prime factors of 1504.
2, 47
List the prime factors of 10292.
2, 31, 83
What are the prime factors of 666?
2, 3, 37
What are the prime factors of 1126?
2, 563
List the prime factors of 43119.
3, 1597
What are the prime factors of 2821?
7, 13, 31
What are the prime factors of 810?
2, 3, 5
What are the prime factors of 169293?
3, 56431
What are the prime factors of 17670?
2, 3, 5, 19, 31
List the prime factors of 23184.
2, 3, 7, 23
What are the prime factors of 32398?
2, 97, 167
List the prime factors of 2016.
2, 3, 7
List the prime factors of 1110.
2, 3, 5, 37
What are the prime factors of 3398?
2, 1699
What are the prime factors of 3641?
11, 331
List the prime factors of 4180.
2, 5, 11, 19
What are the prime factors of 33020?
2, 5, 13, 127
List the prime factors of 7148.
2, 1787
List the prime factors of 213.
3, 71
List the prime factors of 29598.
2, 3, 4933
What are the prime factors of 55400?
2, 5, 277
List the prime factors of 4030.
2, 5, 13, 31
What are the prime factors of 3929?
3929
List t